{"id":1230,"date":"2016-09-29T05:30:26","date_gmt":"2016-09-29T03:30:26","guid":{"rendered":"http:\/\/www.stjustdavray.fr\/V2\/?page_id=1230"},"modified":"2021-09-25T05:29:01","modified_gmt":"2021-09-25T03:29:01","slug":"centre-de-loisirs-intercommunal-intergones","status":"publish","type":"page","link":"http:\/\/www.stjustdavray.fr\/V2\/services\/centre-de-loisirs-intercommunal-intergones\/","title":{"rendered":"Centre de loisirs intercommunal Intergones"},"content":{"rendered":"<p style=\"text-align: center;\">\n<\/p><div dir=\"ltr\" style=\"text-align: center;\">\n<h2 style=\"text-align: center;\">Centre de loisirs Intergones&nbsp;<\/h2>\n<h2 style=\"text-align: center;\"><b>A<\/b>ssociation&nbsp;<b>E<\/b>ntre&nbsp;<b>R<\/b>eins<b>&nbsp;E<\/b>t&nbsp;<b>S<\/b>apins (<b>A<\/b>.<b>E<\/b>.<b>R<\/b>.<b>E<\/b>.<b>S<\/b>)<b><span style=\"font-size: large;\"><br><\/span><\/b><\/h2>\n<h2>Bureau administratif \/ Si\u00e8ge:<\/h2>\n<\/div>\n<h2 dir=\"ltr\" style=\"text-align: center;\">5, rue Mozart<br>69550 Cublize<\/h2>\n<h2 dir=\"ltr\" style=\"text-align: center;\">Mobile Anne-Sophie BEROUD,<\/h2>\n<h2 dir=\"ltr\" style=\"text-align: center;\">directrice : 06-52-57-28-90<\/h2>\n<h2 style=\"text-align: center;\">Tel\/fax bureau : &nbsp; 04-74-89-52-55<\/h2>\n<h2 style=\"text-align: center;\">Site :<\/h2>\n<h2 style=\"text-align: center;\"><a href=\"http:\/\/www.inter-gones-aeres.fr\/\"><span style=\"color: #008000;\">http:\/\/www.inter-gones-aeres.fr\/<\/span><\/a><\/h2>\n<h2 style=\"text-align: center;\">&nbsp;<\/h2>\n<hr>\n<hr>\n<h2 class=\"yiv9077970626MsoNormal\" style=\"text-align: center;\"><b>Ouvert tous les mercredis<\/b> en p\u00e9riode scolaire.<\/h2>\n\n\n<div class=\"wp-block-file\"><a href=\"http:\/\/www.stjustdavray.fr\/V2\/wp-content\/uploads\/2019\/01\/DOSSIER-DINSCRIPTION-\u00e1-compl\u00aeter-pour-inscription.pdf\">DOSSIER \u00e0 compl\u00e9ter pour inscription<\/a><a href=\"http:\/\/www.stjustdavray.fr\/V2\/wp-content\/uploads\/2019\/01\/DOSSIER-DINSCRIPTION-\u00e1-compl\u00aeter-pour-inscription.pdf\" class=\"wp-block-file__button\" download>T\u00e9l\u00e9charger<\/a><\/div>\n\n\n\n<p class=\"has-medium-font-size\">Le centre de loisirs Interg\u00f4nes est ouvert \u00e0 tous les enfants \u00e2g\u00e9s de 3 \u00e0 12 ans des communes environnantes r\u00e9parties sur 2 sites : les 3-5 ans \u00e0 St-Vincent-de-Reins et les 6-12 ans \u00e0 Cublize. En 2020, le nouvel accueil occasionnel pour les jeunes \u00e2g\u00e9s de 11 \u00e0 15 ans a vu le jour. Ce travail et cette analyse, d\u00e9but\u00e9s fin 2019, ont malheureusement d\u00fb \u00eatre vite mis en attente face aux annonces gouvernementales li\u00e9es au contexte sanitaire actuel de notre pays. &nbsp;Dans le diagnostic, nous avions pu n\u00e9anmoins cibler les attentes tr\u00e8s claires formul\u00e9es par les jeunes. Interg\u00f4nes souhaite mettre en place des r\u00e9ponses en accord avec les besoins de ce public. Ecouter les envies, prendre en compte la motivation des principaux int\u00e9ress\u00e9s a permis de nous apporter de nombreuses r\u00e9ponses pour la cr\u00e9ation de notre \u00ab&nbsp;Espace Jeunes&nbsp;\u00bb. Les accueils encadr\u00e9s sont propos\u00e9s 2 mercredis apr\u00e8s-midi par mois, et des projets sp\u00e9cifiques lors des vacances, en soir\u00e9e ou weekend. Plus d\u2019informations aupr\u00e8s de No\u00e9mie, r\u00e9f\u00e9rente \u00ab&nbsp;secteur jeunes&nbsp;\u00bb au 06-52-57-68-71.<\/p>\n\n\n\n<p class=\"has-medium-font-size\">Le centre de loisirs Interg\u00f4nes permet \u00e0 chaque enfant de trouver sa place, de favoriser l\u2019initiative et l\u2019autonomie de chacun, de valoriser l\u2019apprentissage de la vie en collectivit\u00e9 et de cr\u00e9er du lien entre les familles.<\/p>\n\n\n\n<p class=\"has-medium-font-size\">Le fonctionnement et le bilan 2020 sont particuliers suite au confinement qui a impos\u00e9 la fermeture de nos services du lundi 16 mars au 11 mai 2020, date \u00e0 laquelle la reprise ne s\u2019est pas faite par manque d\u2019inscriptions.<\/p>\n\n\n\n<p class=\"has-medium-font-size\">Malheureusement, c\u2019est seulement lors de la p\u00e9riode estivale que nous avons pu rouvrir les portes de notre accueil de loisirs. Les petits effectifs du mois de juillet ont \u00e9t\u00e9 encadr\u00e9s au mieux pour cet \u00e9t\u00e9 particulier.<\/p>\n\n\n\n<p class=\"has-medium-font-size\">Le protocole sanitaire d\u2019accueil et d\u2019encadrement, obligatoire, a sans doute frein\u00e9 certaines familles. Apr\u00e8s plusieurs ann\u00e9es de fonctionnement avec un prestataire de service ext\u00e9rieur, un v\u00e9hicule 9 places a \u00e9t\u00e9 acquis en janvier 2020. Cet outil de travail a permis de diminuer les co\u00fbts de transport et de d\u00e9placements du personnel. Le service \u00ab&nbsp;navette&nbsp;\u00bb, tr\u00e8s appr\u00e9ci\u00e9 des familles est propos\u00e9 pour faciliter leur organisation. Le ramassage des enfants dans les communes partenaires (St Just d\u2019Avray, Ronno, Cublize et St-Vincent de Reins) se fait matin et soir les jours d\u2019ouverture de l\u2019accueil de loisirs.<\/p>\n\n\n\n<p class=\"has-medium-font-size\">Toute l\u2019\u00e9quipe p\u00e9dagogique remercie les maires des communes partenaires pour leur confiance et pour les \u00e9changes facilitant notre travail au quotidien. Nous portons le projet Interg\u00f4nes avec beaucoup d\u2019\u00e9nergie et d\u2019envie. Nous remercions toutes les familles pour leur confiance et leurs retours qui nous permettent d\u2019avancer chaque jour sur notre pratique. C\u2019est avec beaucoup de plaisir que nous essayons de r\u00e9pondre au mieux \u00e0 vos besoins afin que cette structure perdure. Pour nous, &nbsp;le travail collectif entre familles, professionnels et partenaires est une valeur essentielle.<\/p>\n\n\n\n<figure class=\"wp-block-image size-large is-resized\"><img decoding=\"async\" loading=\"lazy\" src=\"http:\/\/www.stjustdavray.fr\/V2\/wp-content\/uploads\/2021\/09\/Affiche-intergones-toussaint.png\" alt=\"\" class=\"wp-image-5665\" width=\"1020\" height=\"1468\" srcset=\"http:\/\/www.stjustdavray.fr\/V2\/wp-content\/uploads\/2021\/09\/Affiche-intergones-toussaint.png 602w, http:\/\/www.stjustdavray.fr\/V2\/wp-content\/uploads\/2021\/09\/Affiche-intergones-toussaint-209x300.png 209w, http:\/\/www.stjustdavray.fr\/V2\/wp-content\/uploads\/2021\/09\/Affiche-intergones-toussaint-300x432.png 300w\" sizes=\"(max-width: 1020px) 100vw, 1020px\" \/><\/figure>\n","protected":false},"excerpt":{"rendered":"<p>Centre de loisirs Intergones&nbsp; Association&nbsp;Entre&nbsp;Reins&nbsp;Et&nbsp;Sapins (A.E.R.E.S) Bureau administratif \/ Si\u00e8ge: 5, rue Mozart69550 Cublize Mobile Anne-Sophie BEROUD, directrice : 06-52-57-28-90 Tel\/fax bureau : &nbsp; 04-74-89-52-55 Site : http:\/\/www.inter-gones-aeres.fr\/ &nbsp; Ouvert tous les mercredis en p\u00e9riode scolaire. Le centre de loisirs Interg\u00f4nes est ouvert \u00e0 tous les enfants \u00e2g\u00e9s de 3 \u00e0 12 ans des communes [&hellip;]<\/p>\n","protected":false},"author":1,"featured_media":1232,"parent":135,"menu_order":3,"comment_status":"closed","ping_status":"closed","template":"page-templates\/front-page.php","meta":{"_bbp_topic_count":0,"_bbp_reply_count":0,"_bbp_total_topic_count":0,"_bbp_total_reply_count":0,"_bbp_voice_count":0,"_bbp_anonymous_reply_count":0,"_bbp_topic_count_hidden":0,"_bbp_reply_count_hidden":0,"_bbp_forum_subforum_count":0},"_links":{"self":[{"href":"http:\/\/www.stjustdavray.fr\/V2\/wp-json\/wp\/v2\/pages\/1230"}],"collection":[{"href":"http:\/\/www.stjustdavray.fr\/V2\/wp-json\/wp\/v2\/pages"}],"about":[{"href":"http:\/\/www.stjustdavray.fr\/V2\/wp-json\/wp\/v2\/types\/page"}],"author":[{"embeddable":true,"href":"http:\/\/www.stjustdavray.fr\/V2\/wp-json\/wp\/v2\/users\/1"}],"replies":[{"embeddable":true,"href":"http:\/\/www.stjustdavray.fr\/V2\/wp-json\/wp\/v2\/comments?post=1230"}],"version-history":[{"count":32,"href":"http:\/\/www.stjustdavray.fr\/V2\/wp-json\/wp\/v2\/pages\/1230\/revisions"}],"predecessor-version":[{"id":5666,"href":"http:\/\/www.stjustdavray.fr\/V2\/wp-json\/wp\/v2\/pages\/1230\/revisions\/5666"}],"up":[{"embeddable":true,"href":"http:\/\/www.stjustdavray.fr\/V2\/wp-json\/wp\/v2\/pages\/135"}],"wp:featuredmedia":[{"embeddable":true,"href":"http:\/\/www.stjustdavray.fr\/V2\/wp-json\/wp\/v2\/media\/1232"}],"wp:attachment":[{"href":"http:\/\/www.stjustdavray.fr\/V2\/wp-json\/wp\/v2\/media?parent=1230"}],"curies":[{"name":"wp","href":"https:\/\/api.w.org\/{rel}","templated":true}]}}

<p style="text-align: center;">
</p><div dir="ltr" style="text-align: center;">
<h2 style="text-align: center;">Centre de loisirs Intergones&nbsp;</h2>
<h2 style="text-align: center;"><b>A</b>ssociation&nbsp;<b>E</b>ntre&nbsp;<b>R</b>eins<b>&nbsp;E</b>t&nbsp;<b>S</b>apins (<b>A</b>.<b>E</b>.<b>R</b>.<b>E</b>.<b>S</b>)<b><span style="font-size: large;"><br></span></b></h2>
<h2>Bureau administratif / Siège:</h2>
</div>
<h2 dir="ltr" style="text-align: center;">5, rue Mozart<br>69550 Cublize</h2>
<h2 dir="ltr" style="text-align: center;">Mobile Anne-Sophie BEROUD,</h2>
<h2 dir="ltr" style="text-align: center;">directrice : 06-52-57-28-90</h2>
<h2 style="text-align: center;">Tel/fax bureau : &nbsp; 04-74-89-52-55</h2>
<h2 style="text-align: center;">Site :</h2>
<h2 style="text-align: center;"><a href="http://www.inter-gones-aeres.fr/"><span style="color: #008000;">http://www.inter-gones-aeres.fr/</span></a></h2>
<h2 style="text-align: center;">&nbsp;</h2>
<hr>
<hr>
<h2 class="yiv9077970626MsoNormal" style="text-align: center;"><b>Ouvert tous les mercredis</b> en période scolaire.</h2>


<div class="wp-block-file"><a href="http://www.stjustdavray.fr/V2/wp-content/uploads/2019/01/DOSSIER-DINSCRIPTION-á-compl®ter-pour-inscription.pdf">DOSSIER à compléter pour inscription</a><a href="http://www.stjustdavray.fr/V2/wp-content/uploads/2019/01/DOSSIER-DINSCRIPTION-á-compl®ter-pour-inscription.pdf" class="wp-block-file__button" download>Télécharger</a></div>



<p class="has-medium-font-size">Le centre de loisirs Intergônes est ouvert à tous les enfants âgés de 3 à 12 ans des communes environnantes réparties sur 2 sites : les 3-5 ans à St-Vincent-de-Reins et les 6-12 ans à Cublize. En 2020, le nouvel accueil occasionnel pour les jeunes âgés de 11 à 15 ans a vu le jour. Ce travail et cette analyse, débutés fin 2019, ont malheureusement dû être vite mis en attente face aux annonces gouvernementales liées au contexte sanitaire actuel de notre pays. &nbsp;Dans le diagnostic, nous avions pu néanmoins cibler les attentes très claires formulées par les jeunes. Intergônes souhaite mettre en place des réponses en accord avec les besoins de ce public. Ecouter les envies, prendre en compte la motivation des principaux intéressés a permis de nous apporter de nombreuses réponses pour la création de notre «&nbsp;Espace Jeunes&nbsp;». Les accueils encadrés sont proposés 2 mercredis après-midi par mois, et des projets spécifiques lors des vacances, en soirée ou weekend. Plus d’informations auprès de Noémie, référente «&nbsp;secteur jeunes&nbsp;» au 06-52-57-68-71.</p>



<p class="has-medium-font-size">Le centre de loisirs Intergônes permet à chaque enfant de trouver sa place, de favoriser l’initiative et l’autonomie de chacun, de valoriser l’apprentissage de la vie en collectivité et de créer du lien entre les familles.</p>



<p class="has-medium-font-size">Le fonctionnement et le bilan 2020 sont particuliers suite au confinement qui a imposé la fermeture de nos services du lundi 16 mars au 11 mai 2020, date à laquelle la reprise ne s’est pas faite par manque d’inscriptions.</p>



<p class="has-medium-font-size">Malheureusement, c’est seulement lors de la période estivale que nous avons pu rouvrir les portes de notre accueil de loisirs. Les petits effectifs du mois de juillet ont été encadrés au mieux pour cet été particulier.</p>



<p class="has-medium-font-size">Le protocole sanitaire d’accueil et d’encadrement, obligatoire, a sans doute freiné certaines familles. Après plusieurs années de fonctionnement avec un prestataire de service extérieur, un véhicule 9 places a été acquis en janvier 2020. Cet outil de travail a permis de diminuer les coûts de transport et de déplacements du personnel. Le service «&nbsp;navette&nbsp;», très apprécié des familles est proposé pour faciliter leur organisation. Le ramassage des enfants dans les communes partenaires (St Just d’Avray, Ronno, Cublize et St-Vincent de Reins) se fait matin et soir les jours d’ouverture de l’accueil de loisirs.</p>



<p class="has-medium-font-size">Toute l’équipe pédagogique remercie les maires des communes partenaires pour leur confiance et pour les échanges facilitant notre travail au quotidien. Nous portons le projet Intergônes avec beaucoup d’énergie et d’envie. Nous remercions toutes les familles pour leur confiance et leurs retours qui nous permettent d’avancer chaque jour sur notre pratique. C’est avec beaucoup de plaisir que nous essayons de répondre au mieux à vos besoins afin que cette structure perdure. Pour nous, &nbsp;le travail collectif entre familles, professionnels et partenaires est une valeur essentielle.</p>



<figure class="wp-block-image size-large is-resized"><img decoding="async" loading="lazy" src="http://www.stjustdavray.fr/V2/wp-content/uploads/2021/09/Affiche-intergones-toussaint.png" alt="" class="wp-image-5665" width="1020" height="1468" srcset="http://www.stjustdavray.fr/V2/wp-content/uploads/2021/09/Affiche-intergones-toussaint.png 602w, http://www.stjustdavray.fr/V2/wp-content/uploads/2021/09/Affiche-intergones-toussaint-209x300.png 209w, http://www.stjustdavray.fr/V2/wp-content/uploads/2021/09/Affiche-intergones-toussaint-300x432.png 300w" sizes="(max-width: 1020px) 100vw, 1020px" /></figure>

<p>Centre de loisirs Intergones&nbsp; Association&nbsp;Entre&nbsp;Reins&nbsp;Et&nbsp;Sapins (A.E.R.E.S) Bureau administratif / Siège: 5, rue Mozart69550 Cublize Mobile Anne-Sophie BEROUD, directrice : 06-52-57-28-90 Tel/fax bureau : &nbsp; 04-74-89-52-55 Site : http://www.inter-gones-aeres.fr/ &nbsp; Ouvert tous les mercredis en période scolaire. Le centre de loisirs Intergônes est ouvert à tous les enfants âgés de 3 à 12 ans des communes [&hellip;]</p>
