{"id":2515,"date":"2017-11-12T17:38:57","date_gmt":"2017-11-12T16:38:57","guid":{"rendered":"http:\/\/www.stjustdavray.fr\/V2\/?page_id=2515"},"modified":"2025-05-10T15:35:29","modified_gmt":"2025-05-10T13:35:29","slug":"les-chouettes-solidaires","status":"publish","type":"page","link":"http:\/\/www.stjustdavray.fr\/V2\/vie-communale\/1-les-associations\/les-chouettes-solidaires\/","title":{"rendered":"Les chouettes solidaires"},"content":{"rendered":"\n<p class=\"has-text-align-center has-large-font-size\"><strong> TELETHON  >>> 5 ET 6 D\u00c9CEMBRE 2025<\/strong> &lt;&lt;&lt;<\/p>\n\n\n\n<p class=\"has-text-align-center has-luminous-vivid-orange-color has-text-color has-large-font-size\"><strong>Contact: Fran\u00e7ois GATHIER<\/strong><\/p>\n\n\n\n<p class=\"has-text-align-center has-luminous-vivid-orange-color has-text-color has-large-font-size\"><a href=\"mailto:fran\u00e7ois.gathier@orange.fr\">fran\u00e7ois.gathier@orange.fr<\/a> <\/p>\n\n\n\n<p class=\"has-text-align-center has-luminous-vivid-orange-color has-text-color has-large-font-size\">06 74 90 50 21<\/p>\n\n\n\n<p class=\"has-light-green-cyan-background-color has-background has-large-font-size\"><strong>Les Chouettes Solidaires r\u00e9cup\u00e8rent les cartouches d&rsquo;encre vides!<\/strong><\/p>\n\n\n\n<figure class=\"wp-block-image size-large is-resized\"><img decoding=\"async\" loading=\"lazy\" src=\"http:\/\/www.stjustdavray.fr\/V2\/wp-content\/uploads\/2019\/05\/flyer-recyclage-cartouches-chouettes-so.png\" alt=\"\" class=\"wp-image-3965\" width=\"973\" height=\"1501\" srcset=\"http:\/\/www.stjustdavray.fr\/V2\/wp-content\/uploads\/2019\/05\/flyer-recyclage-cartouches-chouettes-so.png 365w, http:\/\/www.stjustdavray.fr\/V2\/wp-content\/uploads\/2019\/05\/flyer-recyclage-cartouches-chouettes-so-194x300.png 194w, http:\/\/www.stjustdavray.fr\/V2\/wp-content\/uploads\/2019\/05\/flyer-recyclage-cartouches-chouettes-so-300x463.png 300w\" sizes=\"(max-width: 973px) 100vw, 973px\" \/><\/figure>\n","protected":false},"excerpt":{"rendered":"<p>TELETHON >>> 5 ET 6 D\u00c9CEMBRE 2025 &lt;&lt;&lt; Contact: Fran\u00e7ois GATHIER fran\u00e7ois.gathier@orange.fr 06 74 90 50 21 Les Chouettes Solidaires r\u00e9cup\u00e8rent les cartouches d&rsquo;encre vides!<\/p>\n","protected":false},"author":1,"featured_media":2609,"parent":250,"menu_order":4,"comment_status":"closed","ping_status":"closed","template":"page-templates\/front-page.php","meta":{"_bbp_topic_count":0,"_bbp_reply_count":0,"_bbp_total_topic_count":0,"_bbp_total_reply_count":0,"_bbp_voice_count":0,"_bbp_anonymous_reply_count":0,"_bbp_topic_count_hidden":0,"_bbp_reply_count_hidden":0,"_bbp_forum_subforum_count":0},"_links":{"self":[{"href":"http:\/\/www.stjustdavray.fr\/V2\/wp-json\/wp\/v2\/pages\/2515"}],"collection":[{"href":"http:\/\/www.stjustdavray.fr\/V2\/wp-json\/wp\/v2\/pages"}],"about":[{"href":"http:\/\/www.stjustdavray.fr\/V2\/wp-json\/wp\/v2\/types\/page"}],"author":[{"embeddable":true,"href":"http:\/\/www.stjustdavray.fr\/V2\/wp-json\/wp\/v2\/users\/1"}],"replies":[{"embeddable":true,"href":"http:\/\/www.stjustdavray.fr\/V2\/wp-json\/wp\/v2\/comments?post=2515"}],"version-history":[{"count":17,"href":"http:\/\/www.stjustdavray.fr\/V2\/wp-json\/wp\/v2\/pages\/2515\/revisions"}],"predecessor-version":[{"id":6631,"href":"http:\/\/www.stjustdavray.fr\/V2\/wp-json\/wp\/v2\/pages\/2515\/revisions\/6631"}],"up":[{"embeddable":true,"href":"http:\/\/www.stjustdavray.fr\/V2\/wp-json\/wp\/v2\/pages\/250"}],"wp:featuredmedia":[{"embeddable":true,"href":"http:\/\/www.stjustdavray.fr\/V2\/wp-json\/wp\/v2\/media\/2609"}],"wp:attachment":[{"href":"http:\/\/www.stjustdavray.fr\/V2\/wp-json\/wp\/v2\/media?parent=2515"}],"curies":[{"name":"wp","href":"https:\/\/api.w.org\/{rel}","templated":true}]}}