{"id":324,"date":"2015-10-31T15:44:59","date_gmt":"2015-10-31T14:44:59","guid":{"rendered":"http:\/\/www.stjustdavray.fr\/V2\/?page_id=324"},"modified":"2021-08-06T11:49:15","modified_gmt":"2021-08-06T09:49:15","slug":"2-histoire","status":"publish","type":"page","link":"http:\/\/www.stjustdavray.fr\/V2\/notre-village\/2-histoire\/","title":{"rendered":"Un peu d&rsquo;histoire&#8230;"},"content":{"rendered":"\n<p class=\"has-medium-font-size\">La pr\u00e9sence humaine remonte \u00e0 la Pr\u00e9histoire. Les Roches Fayettes, des blocs de porphyre rouge, pr\u00e9sentent des cavit\u00e9s creus\u00e9es \u00e0 main d&rsquo;hommes et ont sans doute servies de lieu de culte aux populations primitives. Au Moyen \u00c2ge, la paroisse d\u00e9pendait de la ch\u00e2tellenie de Chamelet et des sires de Beaujeu avant d&rsquo;\u00eatre c\u00e9d\u00e9e aux barons d&rsquo;Amplepuis (XVe si\u00e8cle). Pendant la Guerre de Cent ans, les pillards et la peste feront des ravages. Durant la R\u00e9volution, les habitants de Saint Just d&rsquo;Avray seront appel\u00e9s les \u00ab Chouettes \u00bb par comparaison aux Chouans vend\u00e9ens.<\/p>\n","protected":false},"excerpt":{"rendered":"<p>La pr\u00e9sence humaine remonte \u00e0 la Pr\u00e9histoire. Les Roches Fayettes, des blocs de porphyre rouge, pr\u00e9sentent des cavit\u00e9s creus\u00e9es \u00e0 main d&rsquo;hommes et ont sans doute servies de lieu de culte aux populations primitives. Au Moyen \u00c2ge, la paroisse d\u00e9pendait de la ch\u00e2tellenie de Chamelet et des sires de Beaujeu avant d&rsquo;\u00eatre c\u00e9d\u00e9e aux barons [&hellip;]<\/p>\n","protected":false},"author":1,"featured_media":0,"parent":5596,"menu_order":4,"comment_status":"open","ping_status":"open","template":"page-templates\/front-page.php","meta":{"_bbp_topic_count":0,"_bbp_reply_count":0,"_bbp_total_topic_count":0,"_bbp_total_reply_count":0,"_bbp_voice_count":0,"_bbp_anonymous_reply_count":0,"_bbp_topic_count_hidden":0,"_bbp_reply_count_hidden":0,"_bbp_forum_subforum_count":0},"_links":{"self":[{"href":"http:\/\/www.stjustdavray.fr\/V2\/wp-json\/wp\/v2\/pages\/324"}],"collection":[{"href":"http:\/\/www.stjustdavray.fr\/V2\/wp-json\/wp\/v2\/pages"}],"about":[{"href":"http:\/\/www.stjustdavray.fr\/V2\/wp-json\/wp\/v2\/types\/page"}],"author":[{"embeddable":true,"href":"http:\/\/www.stjustdavray.fr\/V2\/wp-json\/wp\/v2\/users\/1"}],"replies":[{"embeddable":true,"href":"http:\/\/www.stjustdavray.fr\/V2\/wp-json\/wp\/v2\/comments?post=324"}],"version-history":[{"count":11,"href":"http:\/\/www.stjustdavray.fr\/V2\/wp-json\/wp\/v2\/pages\/324\/revisions"}],"predecessor-version":[{"id":5609,"href":"http:\/\/www.stjustdavray.fr\/V2\/wp-json\/wp\/v2\/pages\/324\/revisions\/5609"}],"up":[{"embeddable":true,"href":"http:\/\/www.stjustdavray.fr\/V2\/wp-json\/wp\/v2\/pages\/5596"}],"wp:attachment":[{"href":"http:\/\/www.stjustdavray.fr\/V2\/wp-json\/wp\/v2\/media?parent=324"}],"curies":[{"name":"wp","href":"https:\/\/api.w.org\/{rel}","templated":true}]}}