{"id":331,"date":"2015-10-31T15:49:08","date_gmt":"2015-10-31T14:49:08","guid":{"rendered":"http:\/\/www.stjustdavray.fr\/V2\/?page_id=331"},"modified":"2015-10-31T15:49:08","modified_gmt":"2015-10-31T14:49:08","slug":"lequillon","status":"publish","type":"page","link":"http:\/\/www.stjustdavray.fr\/V2\/notre-village\/3-ballades-et-randonnees\/lequillon\/","title":{"rendered":"L&rsquo;Equillon"},"content":{"rendered":"<p><span class=\"oneColFixCtr\">Cette balade autour du village, cern\u00e9 par les monts et les for\u00eats, donne un avant go\u00fbt de randonn\u00e9e dans les Alpes.<br \/>\nPrudence lors des travers\u00e9es de la RD 98. <\/span><\/p>\n<p><span class=\"oneColFixCtr\"><br \/>\n<strong>Distance : 9,7 km\u00a0\u00a0\u00a0\u00a0\u00a0\u00a0\u00a0\u00a0\u00a0\u00a0\u00a0\u00a0\u00a0\u00a0\u00a0\u00a0\u00a0\u00a0\u00a0\u00a0 Dur\u00e9e : 2 h 50<\/strong><br \/>\n<strong>Difficult\u00e9 <\/strong>: moyenne\u00a0\u00a0\u00a0\u00a0\u00a0\u00a0\u00a0\u00a0\u00a0\u00a0\u00a0\u00a0\u00a0\u00a0\u00a0\u00a0\u00a0 <strong>D\u00e9nivel\u00e9 : <\/strong>390 <strong>m<\/strong> <\/span><\/p>\n<p><span class=\"oneColFixCtr\"><br \/>\n<strong>D\u00e9part <\/strong>: Le Parking de la Chapelle<br \/>\n<strong>Aller <\/strong>: du Bourg aller \u00e0 La Rivi\u00e8re en passant par Combagelon et Le Cl\u00e9ment.<br \/>\n<strong>Retour <\/strong>: de La Rivi\u00e8re suivre la direction Le Bourg et passer par Le Billet et Le Jacquet<\/span>.<\/p>\n<p><a href=\"http:\/\/www.stjustdavray.fr\/V2\/wp-content\/uploads\/2015\/10\/L_Equillon.jpg\"><img decoding=\"async\" loading=\"lazy\" class=\"aligncenter size-medium wp-image-332\" src=\"http:\/\/www.stjustdavray.fr\/V2\/wp-content\/uploads\/2015\/10\/L_Equillon-300x237.jpg\" alt=\"L_Equillon\" width=\"300\" height=\"237\" srcset=\"http:\/\/www.stjustdavray.fr\/V2\/wp-content\/uploads\/2015\/10\/L_Equillon-300x237.jpg 300w, http:\/\/www.stjustdavray.fr\/V2\/wp-content\/uploads\/2015\/10\/L_Equillon.jpg 750w\" sizes=\"(max-width: 300px) 100vw, 300px\" \/><\/a><\/p>\n","protected":false},"excerpt":{"rendered":"<p>Cette balade autour du village, cern\u00e9 par les monts et les for\u00eats, donne un avant go\u00fbt de randonn\u00e9e dans les Alpes. Prudence lors des travers\u00e9es de la RD 98. Distance : 9,7 km\u00a0\u00a0\u00a0\u00a0\u00a0\u00a0\u00a0\u00a0\u00a0\u00a0\u00a0\u00a0\u00a0\u00a0\u00a0\u00a0\u00a0\u00a0\u00a0\u00a0 Dur\u00e9e : 2 h 50 Difficult\u00e9 : moyenne\u00a0\u00a0\u00a0\u00a0\u00a0\u00a0\u00a0\u00a0\u00a0\u00a0\u00a0\u00a0\u00a0\u00a0\u00a0\u00a0\u00a0 D\u00e9nivel\u00e9 : 390 m D\u00e9part : Le Parking de la Chapelle Aller : du [&hellip;]<\/p>\n","protected":false},"author":1,"featured_media":0,"parent":326,"menu_order":0,"comment_status":"open","ping_status":"open","template":"page-templates\/front-page.php","meta":{"_bbp_topic_count":0,"_bbp_reply_count":0,"_bbp_total_topic_count":0,"_bbp_total_reply_count":0,"_bbp_voice_count":0,"_bbp_anonymous_reply_count":0,"_bbp_topic_count_hidden":0,"_bbp_reply_count_hidden":0,"_bbp_forum_subforum_count":0},"_links":{"self":[{"href":"http:\/\/www.stjustdavray.fr\/V2\/wp-json\/wp\/v2\/pages\/331"}],"collection":[{"href":"http:\/\/www.stjustdavray.fr\/V2\/wp-json\/wp\/v2\/pages"}],"about":[{"href":"http:\/\/www.stjustdavray.fr\/V2\/wp-json\/wp\/v2\/types\/page"}],"author":[{"embeddable":true,"href":"http:\/\/www.stjustdavray.fr\/V2\/wp-json\/wp\/v2\/users\/1"}],"replies":[{"embeddable":true,"href":"http:\/\/www.stjustdavray.fr\/V2\/wp-json\/wp\/v2\/comments?post=331"}],"version-history":[{"count":1,"href":"http:\/\/www.stjustdavray.fr\/V2\/wp-json\/wp\/v2\/pages\/331\/revisions"}],"predecessor-version":[{"id":333,"href":"http:\/\/www.stjustdavray.fr\/V2\/wp-json\/wp\/v2\/pages\/331\/revisions\/333"}],"up":[{"embeddable":true,"href":"http:\/\/www.stjustdavray.fr\/V2\/wp-json\/wp\/v2\/pages\/326"}],"wp:attachment":[{"href":"http:\/\/www.stjustdavray.fr\/V2\/wp-json\/wp\/v2\/media?parent=331"}],"curies":[{"name":"wp","href":"https:\/\/api.w.org\/{rel}","templated":true}]}}