{"id":334,"date":"2015-10-31T15:51:11","date_gmt":"2015-10-31T14:51:11","guid":{"rendered":"http:\/\/www.stjustdavray.fr\/V2\/?page_id=334"},"modified":"2015-10-31T15:51:11","modified_gmt":"2015-10-31T14:51:11","slug":"la-pierre-plantee","status":"publish","type":"page","link":"http:\/\/www.stjustdavray.fr\/V2\/notre-village\/3-ballades-et-randonnees\/la-pierre-plantee\/","title":{"rendered":"La Pierre Plant\u00e9e"},"content":{"rendered":"<p><strong>La Pierre Plant\u00e9e <\/strong><strong>Balisage : \u00ab Bolet \u00bb\u00a0\u00a0\u00a0\u00a0<a href=\"http:\/\/www.stjustdavray.fr\/V2\/wp-content\/uploads\/2015\/10\/bolet_reduit.jpg\"><img decoding=\"async\" loading=\"lazy\" class=\"aligncenter size-full wp-image-335\" src=\"http:\/\/www.stjustdavray.fr\/V2\/wp-content\/uploads\/2015\/10\/bolet_reduit.jpg\" alt=\"bolet_reduit\" width=\"100\" height=\"100\" \/><\/a><\/strong><\/p>\n<p align=\"left\">\n<strong>Distance : 9,5 km <span class=\"oneColFixCtr\">\u00a0\u00a0\u00a0\u00a0\u00a0\u00a0\u00a0\u00a0\u00a0\u00a0\u00a0\u00a0\u00a0\u00a0\u00a0\u00a0 <\/span>D\u00e9nivel\u00e9 : 407m<\/strong><\/p>\n<p align=\"left\">Du panneau d&rsquo;information partir sur la route de Grandris ; \u00e0 250 m prendre le chemin qui descend \u00e0 droite. Remonter par Le Creux et passer entre les champs avant de p\u00e9n\u00e9trer dans le Bois des Moli\u00e8res.<br \/>\nContinuer \u00e0 monter en passant \u00e0 cot\u00e9 des maisons de la Combe et de Montchevron jusqu&rsquo;\u00e0 la jonction avec le GR7 (cote 715) et la Route du Chevreuil (ligne de partage des eaux).<br \/>\nSuivre la route sur 300m puis tourner \u00e0 droite et redescendre sur la Pierre Dardenne (limite des communes de Saint Just, Grandris et Cublize).<br \/>\nPoursuivre jusqu&rsquo;\u00e0 la sortie du bois; en arrivant \u00e0 la Pierre Plant\u00e9e admirer la vue sur le village et le cr\u00eat de N\u00e9ry, et par beau temps sur les Alpes.<br \/>\nContinuer au dessus du Penin puis rejoindre la route apr\u00e8s Combagelon ; revenir sur la droite en direction des Pins puis belle descente par Les Terres et Les Salles pour arriver \u00e0 Saint Maurice (Chapelle du 17\u00e8me si\u00e8cle).<br \/>\nTraverser la zone industrielle puis remonter sur le village par le chemin assez raide de Bolan<\/p>\n<p align=\"left\"><a href=\"http:\/\/www.stjustdavray.fr\/V2\/wp-content\/uploads\/2015\/10\/pierre_plantee.jpg\"><img decoding=\"async\" loading=\"lazy\" class=\"aligncenter size-medium wp-image-336\" src=\"http:\/\/www.stjustdavray.fr\/V2\/wp-content\/uploads\/2015\/10\/pierre_plantee-300x262.jpg\" alt=\"pierre_plantee\" width=\"300\" height=\"262\" srcset=\"http:\/\/www.stjustdavray.fr\/V2\/wp-content\/uploads\/2015\/10\/pierre_plantee-300x262.jpg 300w, http:\/\/www.stjustdavray.fr\/V2\/wp-content\/uploads\/2015\/10\/pierre_plantee.jpg 750w\" sizes=\"(max-width: 300px) 100vw, 300px\" \/><\/a><\/p>\n","protected":false},"excerpt":{"rendered":"<p>La Pierre Plant\u00e9e Balisage : \u00ab Bolet \u00bb\u00a0\u00a0\u00a0\u00a0 Distance : 9,5 km \u00a0\u00a0\u00a0\u00a0\u00a0\u00a0\u00a0\u00a0\u00a0\u00a0\u00a0\u00a0\u00a0\u00a0\u00a0\u00a0 D\u00e9nivel\u00e9 : 407m Du panneau d&rsquo;information partir sur la route de Grandris ; \u00e0 250 m prendre le chemin qui descend \u00e0 droite. Remonter par Le Creux et passer entre les champs avant de p\u00e9n\u00e9trer dans le Bois des Moli\u00e8res. Continuer \u00e0 [&hellip;]<\/p>\n","protected":false},"author":1,"featured_media":0,"parent":326,"menu_order":0,"comment_status":"open","ping_status":"open","template":"page-templates\/front-page.php","meta":{"_bbp_topic_count":0,"_bbp_reply_count":0,"_bbp_total_topic_count":0,"_bbp_total_reply_count":0,"_bbp_voice_count":0,"_bbp_anonymous_reply_count":0,"_bbp_topic_count_hidden":0,"_bbp_reply_count_hidden":0,"_bbp_forum_subforum_count":0},"_links":{"self":[{"href":"http:\/\/www.stjustdavray.fr\/V2\/wp-json\/wp\/v2\/pages\/334"}],"collection":[{"href":"http:\/\/www.stjustdavray.fr\/V2\/wp-json\/wp\/v2\/pages"}],"about":[{"href":"http:\/\/www.stjustdavray.fr\/V2\/wp-json\/wp\/v2\/types\/page"}],"author":[{"embeddable":true,"href":"http:\/\/www.stjustdavray.fr\/V2\/wp-json\/wp\/v2\/users\/1"}],"replies":[{"embeddable":true,"href":"http:\/\/www.stjustdavray.fr\/V2\/wp-json\/wp\/v2\/comments?post=334"}],"version-history":[{"count":1,"href":"http:\/\/www.stjustdavray.fr\/V2\/wp-json\/wp\/v2\/pages\/334\/revisions"}],"predecessor-version":[{"id":337,"href":"http:\/\/www.stjustdavray.fr\/V2\/wp-json\/wp\/v2\/pages\/334\/revisions\/337"}],"up":[{"embeddable":true,"href":"http:\/\/www.stjustdavray.fr\/V2\/wp-json\/wp\/v2\/pages\/326"}],"wp:attachment":[{"href":"http:\/\/www.stjustdavray.fr\/V2\/wp-json\/wp\/v2\/media?parent=334"}],"curies":[{"name":"wp","href":"https:\/\/api.w.org\/{rel}","templated":true}]}}