{"id":3442,"date":"2018-10-17T08:10:19","date_gmt":"2018-10-17T06:10:19","guid":{"rendered":"http:\/\/www.stjustdavray.fr\/V2\/?page_id=3442"},"modified":"2021-05-12T06:02:01","modified_gmt":"2021-05-12T04:02:01","slug":"service-des-impots","status":"publish","type":"page","link":"http:\/\/www.stjustdavray.fr\/V2\/informations-pratiques\/service-des-impots\/","title":{"rendered":"Service des Imp\u00f4ts"},"content":{"rendered":"\n<p><\/p>\n\n\n\n<p class=\"has-background has-medium-font-size has-luminous-vivid-amber-background-color\">Le conseil municipal a choisi de ne pas augmenter les taux d\u2019imposition pour 2021. Toutefois, un changement est \u00e0 noter car, suite \u00e0 la r\u00e9forme de la taxe d\u2019habitation et \u00e0 l\u2019exon\u00e9ration de 80% des foyers, les communes per\u00e7oivent d\u00e9sormais en compensation la part d\u00e9partementale de taxe fonci\u00e8re sur le b\u00e2ti (fix\u00e9e \u00e0 11.03%). Les taux vot\u00e9s pour 2021 tiennent donc compte de cette part et sont fix\u00e9s comme suit :<\/p>\n\n\n\n<p><strong>Taux d\u2019imposition&nbsp;:<\/strong><\/p>\n\n\n\n<figure class=\"wp-block-table\"><table class=\"has-subtle-pale-blue-background-color has-fixed-layout has-background\"><tbody><tr><td>Ann\u00e9e 2020 &#8211; en %<\/td><td>Commune<\/td><td>COR<\/td><\/tr><tr><td>Taxe d\u2019habitation<\/td><td>4,41<\/td><td>9,09<\/td><\/tr><tr><td>Taxe Fonci\u00e8re sur le b\u00e2ti<\/td><td>16,68<\/td><td>&nbsp;<\/td><\/tr><tr><td>Taxe Fonci\u00e8re sur le non-b\u00e2ti<\/td><td>19,58<\/td><td>7,76<\/td><\/tr><\/tbody><\/table><\/figure>\n\n\n\n<p class=\"has-background has-medium-font-size has-pale-cyan-blue-background-color\">En conclusion, pas d\u2019augmentation de la fiscalit\u00e9, mais une modification de la pr\u00e9sentation de votre feuille d\u2019imp\u00f4ts.<\/p>\n\n\n\n<p class=\"has-medium-font-size\"><\/p>\n\n\n\n<p><\/p>\n\n\n\n<div class=\"wp-block-image\"><figure class=\"aligncenter size-large is-resized\"><img decoding=\"async\" loading=\"lazy\" src=\"http:\/\/www.stjustdavray.fr\/V2\/wp-content\/uploads\/2019\/11\/ScreenHunter-67.png\" alt=\"\" class=\"wp-image-4243\" width=\"886\" height=\"560\" srcset=\"http:\/\/www.stjustdavray.fr\/V2\/wp-content\/uploads\/2019\/11\/ScreenHunter-67.png 927w, http:\/\/www.stjustdavray.fr\/V2\/wp-content\/uploads\/2019\/11\/ScreenHunter-67-300x190.png 300w, http:\/\/www.stjustdavray.fr\/V2\/wp-content\/uploads\/2019\/11\/ScreenHunter-67-768x485.png 768w\" sizes=\"(max-width: 886px) 100vw, 886px\" \/><\/figure><\/div>\n\n\n\n<figure class=\"wp-block-image size-large is-resized\"><img decoding=\"async\" loading=\"lazy\" src=\"http:\/\/www.stjustdavray.fr\/V2\/wp-content\/uploads\/2019\/11\/ScreenHunter-69-1-1024x627.png\" alt=\"\" class=\"wp-image-4249\" width=\"902\" height=\"552\" srcset=\"http:\/\/www.stjustdavray.fr\/V2\/wp-content\/uploads\/2019\/11\/ScreenHunter-69-1-1024x627.png 1024w, http:\/\/www.stjustdavray.fr\/V2\/wp-content\/uploads\/2019\/11\/ScreenHunter-69-1-300x184.png 300w, http:\/\/www.stjustdavray.fr\/V2\/wp-content\/uploads\/2019\/11\/ScreenHunter-69-1-768x470.png 768w, http:\/\/www.stjustdavray.fr\/V2\/wp-content\/uploads\/2019\/11\/ScreenHunter-69-1-938x574.png 938w, http:\/\/www.stjustdavray.fr\/V2\/wp-content\/uploads\/2019\/11\/ScreenHunter-69-1.png 1125w\" sizes=\"(max-width: 902px) 100vw, 902px\" \/><\/figure>\n","protected":false},"excerpt":{"rendered":"<p>Le conseil municipal a choisi de ne pas augmenter les taux d\u2019imposition pour 2021. Toutefois, un changement est \u00e0 noter car, suite \u00e0 la r\u00e9forme de la taxe d\u2019habitation et \u00e0 l\u2019exon\u00e9ration de 80% des foyers, les communes per\u00e7oivent d\u00e9sormais en compensation la part d\u00e9partementale de taxe fonci\u00e8re sur le b\u00e2ti (fix\u00e9e \u00e0 11.03%). Les [&hellip;]<\/p>\n","protected":false},"author":1,"featured_media":0,"parent":119,"menu_order":7,"comment_status":"closed","ping_status":"closed","template":"page-templates\/front-page.php","meta":{"_bbp_topic_count":0,"_bbp_reply_count":0,"_bbp_total_topic_count":0,"_bbp_total_reply_count":0,"_bbp_voice_count":0,"_bbp_anonymous_reply_count":0,"_bbp_topic_count_hidden":0,"_bbp_reply_count_hidden":0,"_bbp_forum_subforum_count":0},"_links":{"self":[{"href":"http:\/\/www.stjustdavray.fr\/V2\/wp-json\/wp\/v2\/pages\/3442"}],"collection":[{"href":"http:\/\/www.stjustdavray.fr\/V2\/wp-json\/wp\/v2\/pages"}],"about":[{"href":"http:\/\/www.stjustdavray.fr\/V2\/wp-json\/wp\/v2\/types\/page"}],"author":[{"embeddable":true,"href":"http:\/\/www.stjustdavray.fr\/V2\/wp-json\/wp\/v2\/users\/1"}],"replies":[{"embeddable":true,"href":"http:\/\/www.stjustdavray.fr\/V2\/wp-json\/wp\/v2\/comments?post=3442"}],"version-history":[{"count":9,"href":"http:\/\/www.stjustdavray.fr\/V2\/wp-json\/wp\/v2\/pages\/3442\/revisions"}],"predecessor-version":[{"id":5311,"href":"http:\/\/www.stjustdavray.fr\/V2\/wp-json\/wp\/v2\/pages\/3442\/revisions\/5311"}],"up":[{"embeddable":true,"href":"http:\/\/www.stjustdavray.fr\/V2\/wp-json\/wp\/v2\/pages\/119"}],"wp:attachment":[{"href":"http:\/\/www.stjustdavray.fr\/V2\/wp-json\/wp\/v2\/media?parent=3442"}],"curies":[{"name":"wp","href":"https:\/\/api.w.org\/{rel}","templated":true}]}}