{"id":839,"date":"2016-01-26T06:15:32","date_gmt":"2016-01-26T05:15:32","guid":{"rendered":"http:\/\/www.stjustdavray.fr\/V2\/?page_id=839"},"modified":"2016-01-27T07:22:02","modified_gmt":"2016-01-27T06:22:02","slug":"histoire-centenaire-de-la-mairie","status":"publish","type":"page","link":"http:\/\/www.stjustdavray.fr\/V2\/notre-village\/2-histoire\/histoire-centenaire-de-la-mairie\/","title":{"rendered":"Histoire &#8211; Centenaire de la mairie"},"content":{"rendered":"<h2><strong>CENTENAIRE DE LA MAIRIE 1915-2015<\/strong><\/h2>\n<p>Historique de la construction du b\u00e2timent<\/p>\n<p><strong>C<\/strong>et historique de la construction de la mairie a \u00e9t\u00e9 r\u00e9alis\u00e9 \u00e0 travers la relecture des cahiers de d\u00e9lib\u00e9rations du conseil municipal de l\u2019\u00e9poque.<\/p>\n<p><a href=\"http:\/\/www.stjustdavray.fr\/V2\/wp-content\/uploads\/2015\/10\/EXTRAIT-CAHIER-DELIB-e1453145712862.jpg\" rel=\"attachment wp-att-806\"><img decoding=\"async\" loading=\"lazy\" class=\"size-medium wp-image-806 alignleft\" src=\"http:\/\/www.stjustdavray.fr\/V2\/wp-content\/uploads\/2015\/10\/EXTRAIT-CAHIER-DELIB-e1453145712862-300x98.jpg\" alt=\"EXTRAIT CAHIER DELIB\" width=\"300\" height=\"98\" srcset=\"http:\/\/www.stjustdavray.fr\/V2\/wp-content\/uploads\/2015\/10\/EXTRAIT-CAHIER-DELIB-e1453145712862-300x98.jpg 300w, http:\/\/www.stjustdavray.fr\/V2\/wp-content\/uploads\/2015\/10\/EXTRAIT-CAHIER-DELIB-e1453145712862-768x250.jpg 768w, http:\/\/www.stjustdavray.fr\/V2\/wp-content\/uploads\/2015\/10\/EXTRAIT-CAHIER-DELIB-e1453145712862.jpg 850w\" sizes=\"(max-width: 300px) 100vw, 300px\" \/><\/a><\/p>\n<p><a href=\"http:\/\/www.stjustdavray.fr\/V2\/wp-content\/uploads\/2015\/10\/DECISION-NOUV-MAIRIE-e1453145776281.jpg\" rel=\"attachment wp-att-805\"><img decoding=\"async\" loading=\"lazy\" class=\"aligncenter size-medium wp-image-805\" src=\"http:\/\/www.stjustdavray.fr\/V2\/wp-content\/uploads\/2015\/10\/DECISION-NOUV-MAIRIE-e1453145776281-300x98.jpg\" alt=\"DECISION NOUV MAIRIE\" width=\"300\" height=\"98\" srcset=\"http:\/\/www.stjustdavray.fr\/V2\/wp-content\/uploads\/2015\/10\/DECISION-NOUV-MAIRIE-e1453145776281-300x98.jpg 300w, http:\/\/www.stjustdavray.fr\/V2\/wp-content\/uploads\/2015\/10\/DECISION-NOUV-MAIRIE-e1453145776281-768x251.jpg 768w, http:\/\/www.stjustdavray.fr\/V2\/wp-content\/uploads\/2015\/10\/DECISION-NOUV-MAIRIE-e1453145776281-1024x335.jpg 1024w, http:\/\/www.stjustdavray.fr\/V2\/wp-content\/uploads\/2015\/10\/DECISION-NOUV-MAIRIE-e1453145776281-938x307.jpg 938w, http:\/\/www.stjustdavray.fr\/V2\/wp-content\/uploads\/2015\/10\/DECISION-NOUV-MAIRIE-e1453145776281.jpg 1233w\" sizes=\"(max-width: 300px) 100vw, 300px\" \/><\/a><\/p>\n<p>Commenc\u00e9e sous le mandat de M. Claudius\u00a0<strong>BEDIN<\/strong>\u00a0en 1901, la construction de la mairie dura jusqu\u2019en 1920 alors que M. Claudius\u00a0<strong>MELET<\/strong>\u00a0\u00e9tait maire.<\/p>\n<p>Situ\u00e9e initialement en lieu et place de l\u2019actuel bureau de Poste, la mairie fut par la suite d\u00e9plac\u00e9e \u00e0 l\u2019endroit que nous connaissons aujourd\u2019hui.<\/p>\n<p>Plusieurs projets de construction furent propos\u00e9s par l\u2019architecte, M. No\u00ebl\u00a0<strong>RICHARD<\/strong>, au d\u00e9part sur le terrain du presbyt\u00e8re juste \u00e0 c\u00f4t\u00e9 de l\u2019\u00e9glise.<\/p>\n<p>Suite \u00e0 un \u00e9change de terrains avec M.\u00a0<strong>BARBERET<\/strong>, la construction fut d\u00e9plac\u00e9e et les travaux purent commencer en 1913, d&rsquo;apr\u00e8s les plans de l&rsquo;architecte H\u00e9vi\u00e8re.<\/p>\n<p>Le d\u00e9but de la Guerre de 1914-1918 entra\u00eena du retard dans le\u00a0versement des emprunts contract\u00e9s par la municipalit\u00e9. De nouveaux fonds durent \u00eatre trouv\u00e9s par la suite pour parvenir \u00e0<\/p>\n<p>l\u2019ach\u00e8vement des travaux en 1920.<\/p>\n<h2><a href=\"http:\/\/www.stjustdavray.fr\/V2\/wp-content\/uploads\/2015\/10\/CARTE-POSTALE-PLACE-POSTE-e1453145625469.jpg\" rel=\"attachment wp-att-804\"><img decoding=\"async\" loading=\"lazy\" class=\"aligncenter size-medium wp-image-804\" src=\"http:\/\/www.stjustdavray.fr\/V2\/wp-content\/uploads\/2015\/10\/CARTE-POSTALE-PLACE-POSTE-e1453145625469-300x197.jpg\" alt=\"CARTE POSTALE PLACE POSTE\" width=\"300\" height=\"197\" srcset=\"http:\/\/www.stjustdavray.fr\/V2\/wp-content\/uploads\/2015\/10\/CARTE-POSTALE-PLACE-POSTE-e1453145625469-300x197.jpg 300w, http:\/\/www.stjustdavray.fr\/V2\/wp-content\/uploads\/2015\/10\/CARTE-POSTALE-PLACE-POSTE-e1453145625469.jpg 584w\" sizes=\"(max-width: 300px) 100vw, 300px\" \/><\/a><a href=\"http:\/\/www.stjustdavray.fr\/V2\/wp-content\/uploads\/2015\/10\/CARTE-POSTALE-PLACE-MAIRIE-e1453145503812.jpg\" rel=\"attachment wp-att-803\"><img decoding=\"async\" loading=\"lazy\" class=\"aligncenter size-medium wp-image-803\" src=\"http:\/\/www.stjustdavray.fr\/V2\/wp-content\/uploads\/2015\/10\/CARTE-POSTALE-PLACE-MAIRIE-e1453145503812-300x194.jpg\" alt=\"CARTE POSTALE PLACE MAIRIE\" width=\"300\" height=\"194\" srcset=\"http:\/\/www.stjustdavray.fr\/V2\/wp-content\/uploads\/2015\/10\/CARTE-POSTALE-PLACE-MAIRIE-e1453145503812-300x194.jpg 300w, http:\/\/www.stjustdavray.fr\/V2\/wp-content\/uploads\/2015\/10\/CARTE-POSTALE-PLACE-MAIRIE-e1453145503812.jpg 727w\" sizes=\"(max-width: 300px) 100vw, 300px\" \/><\/a><\/h2>\n<h2><strong>CHRONOLOGIE<\/strong><\/h2>\n<p><strong>1901-1902<\/strong>\u00a0: Installation d\u2019un bureau de Poste dans les locaux de la mairie, qui devient trop petite.<\/p>\n<p><strong>1905<\/strong>\u00a0: D\u00e9lib\u00e9ration pour une coupe de bois communaux en vue de financer la construction d\u2019une nouvelle mairie.<\/p>\n<p><strong>1906<\/strong>\u00a0: Pr\u00e9sentation des plans et devis estimatifs (environ 10\u00a0000 francs) du premier projet par No\u00ebl RICHARD, architecte.<\/p>\n<p><strong>1907<\/strong>\u00a0: Demande de construction de la mairie dans les jardins du presbyt\u00e8re.<\/p>\n<p><strong>1909<\/strong>\u00a0: Demande de coupe de bois communaux extraordinaire pour financer la construction de la nouvelle mairie.<\/p>\n<p><strong>1910-1911<\/strong>\u00a0: Demande d\u2019adjudication\u00a0 (vente aux ench\u00e8res) pour la construction de la mairie d\u2019apr\u00e8s les plans \u00e9tablis par M. RICHARD.<\/p>\n<p><strong>1912<\/strong>\u00a0: Projet d\u2019\u00e9change entre la propri\u00e9t\u00e9 de M. BARBERET (lieu de l\u2019actuelle mairie) contre une partie de l\u2019ancienne mairie. Changement d&rsquo;architecte, M. H\u00e9vi\u00e8re, architecte de Lyon, \u00e9tablit les plans et\u00a0ent\u00e9rine l&rsquo;\u00e9change comme la meilleure solution.<\/p>\n<p><strong>1913<\/strong>\u00a0: D\u00e9cision de construire la mairie \u00e0 la place de la maison Barberet.<\/p>\n<p>Passation d\u2019un trait\u00e9 de gr\u00e9 \u00e0 gr\u00e9 avec M. GUILLOT, ma\u00e7on de Grandris.<\/p>\n<p>D\u00e9cision de faire la fa\u00e7ade en pierres de taille provenant de la carri\u00e8re des Arches \u00e0 St Just d\u2019Avray.<\/p>\n<p>Emprunt de 20\u00a0000 francs pour la mairie.<\/p>\n<p><strong>1914<\/strong>\u00a0: Demande d\u2019un emprunt de 4\u00a0000<\/p>\n<p>Francs au Cr\u00e9dit de France.<\/p>\n<p><strong>1915<\/strong>\u00a0: Nouvelle demande d\u2019emprunt pour achever les travaux suite au non-versement du pr\u00e9c\u00e9dent emprunt.<\/p>\n<p><strong>1919<\/strong>\u00a0: Demande de subvention et de d\u2019une nouvelle coupe de bois pour finir la construction.<\/p>\n<p><strong>1920<\/strong>\u00a0: Inscription au budget d\u2019environ 6\u00a0000 francs suppl\u00e9mentaires pour finir de payer les travaux.<\/p>\n<p>&nbsp;<\/p>\n<p>&nbsp;<\/p>\n<p>&nbsp;<\/p>\n","protected":false},"excerpt":{"rendered":"<p>CENTENAIRE DE LA MAIRIE 1915-2015 Historique de la construction du b\u00e2timent Cet historique de la construction de la mairie a \u00e9t\u00e9 r\u00e9alis\u00e9 \u00e0 travers la relecture des cahiers de d\u00e9lib\u00e9rations du conseil municipal de l\u2019\u00e9poque. Commenc\u00e9e sous le mandat de M. Claudius\u00a0BEDIN\u00a0en 1901, la construction de la mairie dura jusqu\u2019en 1920 alors que M. Claudius\u00a0MELET\u00a0\u00e9tait [&hellip;]<\/p>\n","protected":false},"author":1,"featured_media":0,"parent":324,"menu_order":4,"comment_status":"closed","ping_status":"closed","template":"page-templates\/front-page.php","meta":{"_bbp_topic_count":0,"_bbp_reply_count":0,"_bbp_total_topic_count":0,"_bbp_total_reply_count":0,"_bbp_voice_count":0,"_bbp_anonymous_reply_count":0,"_bbp_topic_count_hidden":0,"_bbp_reply_count_hidden":0,"_bbp_forum_subforum_count":0},"_links":{"self":[{"href":"http:\/\/www.stjustdavray.fr\/V2\/wp-json\/wp\/v2\/pages\/839"}],"collection":[{"href":"http:\/\/www.stjustdavray.fr\/V2\/wp-json\/wp\/v2\/pages"}],"about":[{"href":"http:\/\/www.stjustdavray.fr\/V2\/wp-json\/wp\/v2\/types\/page"}],"author":[{"embeddable":true,"href":"http:\/\/www.stjustdavray.fr\/V2\/wp-json\/wp\/v2\/users\/1"}],"replies":[{"embeddable":true,"href":"http:\/\/www.stjustdavray.fr\/V2\/wp-json\/wp\/v2\/comments?post=839"}],"version-history":[{"count":1,"href":"http:\/\/www.stjustdavray.fr\/V2\/wp-json\/wp\/v2\/pages\/839\/revisions"}],"predecessor-version":[{"id":840,"href":"http:\/\/www.stjustdavray.fr\/V2\/wp-json\/wp\/v2\/pages\/839\/revisions\/840"}],"up":[{"embeddable":true,"href":"http:\/\/www.stjustdavray.fr\/V2\/wp-json\/wp\/v2\/pages\/324"}],"wp:attachment":[{"href":"http:\/\/www.stjustdavray.fr\/V2\/wp-json\/wp\/v2\/media?parent=839"}],"curies":[{"name":"wp","href":"https:\/\/api.w.org\/{rel}","templated":true}]}}