{"id":850,"date":"2016-02-02T06:11:02","date_gmt":"2016-02-02T05:11:02","guid":{"rendered":"http:\/\/www.stjustdavray.fr\/V2\/?page_id=850"},"modified":"2025-01-04T11:57:08","modified_gmt":"2025-01-04T10:57:08","slug":"dechetterie-communale","status":"publish","type":"page","link":"http:\/\/www.stjustdavray.fr\/V2\/services-2\/dechetterie-communale\/","title":{"rendered":"D\u00e9chetterie communale"},"content":{"rendered":"\n<p class=\"has-text-align-center has-large-font-size\"><strong> <\/strong><\/p>\n\n\n\n<p><\/p>\n\n\n<h2 style=\"text-align: center;\">\u00a0ROUTE DE GRANDRIS<\/h2>\n<p><a href=\"http:\/\/www.stjustdavray.fr\/V2\/wp-content\/uploads\/2016\/02\/DECHETTERIE-e1489221628649.jpg\"><img decoding=\"async\" loading=\"lazy\" class=\"aligncenter size-full wp-image-1875\" src=\"http:\/\/www.stjustdavray.fr\/V2\/wp-content\/uploads\/2016\/02\/DECHETTERIE-e1489221628649.jpg\" alt=\"\" width=\"623\" height=\"327\" srcset=\"http:\/\/www.stjustdavray.fr\/V2\/wp-content\/uploads\/2016\/02\/DECHETTERIE-e1489221628649.jpg 623w, http:\/\/www.stjustdavray.fr\/V2\/wp-content\/uploads\/2016\/02\/DECHETTERIE-e1489221628649-300x157.jpg 300w\" sizes=\"(max-width: 623px) 100vw, 623px\" \/><\/a><\/p>\n<h2 style=\"text-align: center;\"><strong>OUVERTURE:<\/strong><\/h2>\n<h2 style=\"text-align: center;\">le vendredi 16h00 &#8211; 17h00<\/h2>\n<h2 style=\"text-align: center;\">le samedi 9h00 &#8211; 12h00<\/h2>\n<p>\u00a0<\/p>\n<div>\u00a0<\/div>\n<div>\u00a0<\/div>\n<div>\u00a0<\/div>\n<p>\u00a0<\/p>\n<h2 style=\"text-align: center;\">MERCI DE RESPECTER LE TRI AU CIMETI\u00c8RE!<\/h2>\n<h2 style=\"text-align: center;\">D\u00e9posez les MATI\u00c8RES\u00a0PLASTIQUES (pots, fleurs artificielles, &#8230;) dans le container poubelle<\/h2>\n<h2 style=\"text-align: center;\">et les MATI\u00c8RES V\u00c9G\u00c9TALES dans la fosse.<\/h2>\n<h3>\u00a0<\/h3>\n<h3>POURQUOI LE TRI?\u00a0QUELQUES RAPPELS&#8230;<\/h3>\n<p><a href=\"http:\/\/www.stjustdavray.fr\/V2\/wp-content\/uploads\/2016\/02\/pourquoi-trier-nos-d\u00e9chets.pdf\" rel=\"\">POURQUOI TRIER?<\/a><\/p>\n<h3>R\u00c8GLES DE TRI&#8230;<\/h3>\n<p><a href=\"http:\/\/www.stjustdavray.fr\/V2\/wp-content\/uploads\/2016\/02\/TRI-DECHETS.jpg\" rel=\"attachment wp-att-995\"><img decoding=\"async\" loading=\"lazy\" class=\"aligncenter size-full wp-image-995\" src=\"http:\/\/www.stjustdavray.fr\/V2\/wp-content\/uploads\/2016\/02\/TRI-DECHETS.jpg\" alt=\"TRI DECHETS\" width=\"650\" height=\"456\" srcset=\"http:\/\/www.stjustdavray.fr\/V2\/wp-content\/uploads\/2016\/02\/TRI-DECHETS.jpg 650w, http:\/\/www.stjustdavray.fr\/V2\/wp-content\/uploads\/2016\/02\/TRI-DECHETS-300x210.jpg 300w\" sizes=\"(max-width: 650px) 100vw, 650px\" \/><\/a><\/p>\n<h3>D\u00c9CHETTERIES\u00a0DE L&rsquo;OUEST RHODANIEN<\/h3>\n<p><a href=\"http:\/\/www.ouestrhodanien.fr\/horaires-decheteries.html\">D\u00e9chetteries du territoire de la COR<\/a><\/p>\n<p>\u00a0<\/p>\n\n\n<p class=\"has-text-align-center has-luminous-vivid-amber-background-color has-background has-large-font-size\">Depuis fin juillet 2020, en application du nouveau r\u00e8glement de la COR, pour le maintien, la mise en s\u00e9curit\u00e9 et conformit\u00e9 du site de la d\u00e9chetterie, voici les nouvelles r\u00e8gles:<\/p>\n\n\n\n<p class=\"has-vivid-green-cyan-background-color has-background has-large-font-size\">Sont accept\u00e9s : D\u00c9CHETS VERTS &#8211; CARTON &#8211; FERRAILLE &#8211; ENCOMBRANTS &#8211; PAPIER<\/p>\n\n\n\n<p class=\"has-luminous-vivid-orange-background-color has-background has-large-font-size\">NE SONT PLUS ACCEPT\u00c9S: MOBILIER&nbsp; (en attente )- GRAVATS- Produits DEEE (dits dangereux) de type BATTERIE \/ ELECTROMENAGER ET PETITS APPAREILS &gt; recyclage \u00e9cotaxe \/  N\u00c9ONS \/ AMPOULES &gt; d\u00e9p\u00f4t possible en grande surface  \/ PILES &gt; d\u00e9p\u00f4t possible en mairie ou grande surface CARTOUCHES D&rsquo;ENCRE &gt; recyclage par l&rsquo;association les Chouettes Solidaires: d\u00e9p\u00f4t en mairie et proximarch\u00e9 &nbsp;<\/p>\n\n\n\n<figure class=\"wp-block-image size-large is-resized\"><img decoding=\"async\" loading=\"lazy\" src=\"http:\/\/www.stjustdavray.fr\/V2\/wp-content\/uploads\/2020\/11\/d\u00e9chetterie-st-just-consignes.png\" alt=\"\" class=\"wp-image-4946\" width=\"789\" height=\"1108\" srcset=\"http:\/\/www.stjustdavray.fr\/V2\/wp-content\/uploads\/2020\/11\/d\u00e9chetterie-st-just-consignes.png 406w, http:\/\/www.stjustdavray.fr\/V2\/wp-content\/uploads\/2020\/11\/d\u00e9chetterie-st-just-consignes-214x300.png 214w, http:\/\/www.stjustdavray.fr\/V2\/wp-content\/uploads\/2020\/11\/d\u00e9chetterie-st-just-consignes-300x421.png 300w\" sizes=\"(max-width: 789px) 100vw, 789px\" \/><\/figure>\n\n\n\n<figure class=\"wp-block-image size-large is-resized\"><img decoding=\"async\" loading=\"lazy\" src=\"http:\/\/www.stjustdavray.fr\/V2\/wp-content\/uploads\/2020\/11\/d\u00e9chetterie-amplepuis-st-nizier.png\" alt=\"\" class=\"wp-image-4947\" width=\"871\" height=\"1262\" srcset=\"http:\/\/www.stjustdavray.fr\/V2\/wp-content\/uploads\/2020\/11\/d\u00e9chetterie-amplepuis-st-nizier.png 581w, http:\/\/www.stjustdavray.fr\/V2\/wp-content\/uploads\/2020\/11\/d\u00e9chetterie-amplepuis-st-nizier-207x300.png 207w, http:\/\/www.stjustdavray.fr\/V2\/wp-content\/uploads\/2020\/11\/d\u00e9chetterie-amplepuis-st-nizier-300x435.png 300w\" sizes=\"(max-width: 871px) 100vw, 871px\" \/><\/figure>\n","protected":false},"excerpt":{"rendered":"<p>\u00a0ROUTE DE GRANDRIS OUVERTURE: le vendredi 16h00 &#8211; 17h00 le samedi 9h00 &#8211; 12h00 \u00a0 \u00a0 \u00a0 \u00a0 \u00a0 MERCI DE RESPECTER LE TRI AU CIMETI\u00c8RE! D\u00e9posez les MATI\u00c8RES\u00a0PLASTIQUES (pots, fleurs artificielles, &#8230;) dans le container poubelle et les MATI\u00c8RES V\u00c9G\u00c9TALES dans la fosse. \u00a0 POURQUOI LE TRI?\u00a0QUELQUES RAPPELS&#8230; POURQUOI TRIER? R\u00c8GLES DE TRI&#8230; D\u00c9CHETTERIES\u00a0DE [&hellip;]<\/p>\n","protected":false},"author":1,"featured_media":0,"parent":877,"menu_order":1,"comment_status":"closed","ping_status":"closed","template":"page-templates\/front-page.php","meta":{"_bbp_topic_count":0,"_bbp_reply_count":0,"_bbp_total_topic_count":0,"_bbp_total_reply_count":0,"_bbp_voice_count":0,"_bbp_anonymous_reply_count":0,"_bbp_topic_count_hidden":0,"_bbp_reply_count_hidden":0,"_bbp_forum_subforum_count":0},"_links":{"self":[{"href":"http:\/\/www.stjustdavray.fr\/V2\/wp-json\/wp\/v2\/pages\/850"}],"collection":[{"href":"http:\/\/www.stjustdavray.fr\/V2\/wp-json\/wp\/v2\/pages"}],"about":[{"href":"http:\/\/www.stjustdavray.fr\/V2\/wp-json\/wp\/v2\/types\/page"}],"author":[{"embeddable":true,"href":"http:\/\/www.stjustdavray.fr\/V2\/wp-json\/wp\/v2\/users\/1"}],"replies":[{"embeddable":true,"href":"http:\/\/www.stjustdavray.fr\/V2\/wp-json\/wp\/v2\/comments?post=850"}],"version-history":[{"count":15,"href":"http:\/\/www.stjustdavray.fr\/V2\/wp-json\/wp\/v2\/pages\/850\/revisions"}],"predecessor-version":[{"id":6486,"href":"http:\/\/www.stjustdavray.fr\/V2\/wp-json\/wp\/v2\/pages\/850\/revisions\/6486"}],"up":[{"embeddable":true,"href":"http:\/\/www.stjustdavray.fr\/V2\/wp-json\/wp\/v2\/pages\/877"}],"wp:attachment":[{"href":"http:\/\/www.stjustdavray.fr\/V2\/wp-json\/wp\/v2\/media?parent=850"}],"curies":[{"name":"wp","href":"https:\/\/api.w.org\/{rel}","templated":true}]}}