{"id":990,"date":"2016-04-20T14:25:25","date_gmt":"2016-04-20T13:25:25","guid":{"rendered":"http:\/\/www.stjustdavray.fr\/V2\/?page_id=990"},"modified":"2025-01-04T12:15:35","modified_gmt":"2025-01-04T11:15:35","slug":"assistantes-maternelles","status":"publish","type":"page","link":"http:\/\/www.stjustdavray.fr\/V2\/services\/assistantes-maternelles\/","title":{"rendered":"Assistantes maternelles"},"content":{"rendered":"<h2><a href=\"http:\/\/www.stjustdavray.fr\/V2\/wp-content\/uploads\/2016\/04\/assistantes-maternelles.jpg\" rel=\"attachment wp-att-991\"><img decoding=\"async\" loading=\"lazy\" class=\"aligncenter size-full wp-image-991\" src=\"http:\/\/www.stjustdavray.fr\/V2\/wp-content\/uploads\/2016\/04\/assistantes-maternelles.jpg\" alt=\"assistantes maternelles\" width=\"175\" height=\"261\"><\/a><\/h2>\n<h2 style=\"text-align: center;\">ASSISTANTES MATERNELLES<\/h2>\n<h4 style=\"text-align: center;\">LAGAY Marie-Christine<\/h4>\n<p style=\"text-align: center;\">530, chemin de bellevue<\/p>\n<p style=\"text-align: center;\">04 78 43 62 74<\/p>\n<h4 style=\"text-align: center;\">PERRET Ang\u00e9lique<\/h4>\n<p style=\"text-align: center;\">41, impasse de la rivi\u00e8re<\/p>\n<p style=\"text-align: center;\">04 74 71 50 31<\/p>\n<h2 style=\"text-align: center;\">GARDE A DOMICILE<\/h2>\n<h4 style=\"text-align: center;\">CORGIER B\u00e9reng\u00e8re<\/h4>\n<p style=\"text-align: center;\">56, impasse du creux<\/p>\n<p style=\"text-align: center;\">04 74 71 56 52<\/p>\n<h2 style=\"text-align: center;\">MAISON D&rsquo;ASSISTANTES MATERNELLES<\/h2>\n<p><a href=\"http:\/\/www.stjustdavray.fr\/V2\/wp-content\/uploads\/2020\/06\/LogoMAM.png\"><img decoding=\"async\" loading=\"lazy\" class=\"aligncenter size-full wp-image-4752\" src=\"http:\/\/www.stjustdavray.fr\/V2\/wp-content\/uploads\/2020\/06\/LogoMAM.png\" alt=\"\" width=\"287\" height=\"181\"><\/a><\/p>\n<h4 style=\"text-align: center;\"><a href=\"http:\/\/www.stjustdavray.fr\/V2\/vie-communale\/1-les-associations\/o-ptits-moufflets-de-la-vallee\/\">\u00d4 P&rsquo;tits Moufflets de la Vall\u00e9e<\/a><\/h4>\n<p style=\"text-align: center;\">B\u00e9atrice OSSEDAT<br \/>\nJocelyne MAUVERNAY<br \/>\nElodie MAUVERNAY<br \/>\nGa\u00eblle HOSTEIN<\/p>\n<p style=\"text-align: center;\">111, Chemin des \u00e9rables<\/p>\n<p style=\"text-align: center;\">06.99.17.75.89<\/p>\n","protected":false},"excerpt":{"rendered":"<p>ASSISTANTES MATERNELLES LAGAY Marie-Christine 530, chemin de bellevue 04 78 43 62 74 PERRET Ang\u00e9lique 41, impasse de la rivi\u00e8re 04 74 71 50 31 GARDE A DOMICILE CORGIER B\u00e9reng\u00e8re 56, impasse du creux 04 74 71 56 52 MAISON D&rsquo;ASSISTANTES MATERNELLES \u00d4 P&rsquo;tits Moufflets de la Vall\u00e9e B\u00e9atrice OSSEDAT Jocelyne MAUVERNAY Elodie MAUVERNAY Ga\u00eblle [&hellip;]<\/p>\n","protected":false},"author":1,"featured_media":0,"parent":135,"menu_order":3,"comment_status":"closed","ping_status":"closed","template":"page-templates\/front-page.php","meta":{"_bbp_topic_count":0,"_bbp_reply_count":0,"_bbp_total_topic_count":0,"_bbp_total_reply_count":0,"_bbp_voice_count":0,"_bbp_anonymous_reply_count":0,"_bbp_topic_count_hidden":0,"_bbp_reply_count_hidden":0,"_bbp_forum_subforum_count":0},"_links":{"self":[{"href":"http:\/\/www.stjustdavray.fr\/V2\/wp-json\/wp\/v2\/pages\/990"}],"collection":[{"href":"http:\/\/www.stjustdavray.fr\/V2\/wp-json\/wp\/v2\/pages"}],"about":[{"href":"http:\/\/www.stjustdavray.fr\/V2\/wp-json\/wp\/v2\/types\/page"}],"author":[{"embeddable":true,"href":"http:\/\/www.stjustdavray.fr\/V2\/wp-json\/wp\/v2\/users\/1"}],"replies":[{"embeddable":true,"href":"http:\/\/www.stjustdavray.fr\/V2\/wp-json\/wp\/v2\/comments?post=990"}],"version-history":[{"count":19,"href":"http:\/\/www.stjustdavray.fr\/V2\/wp-json\/wp\/v2\/pages\/990\/revisions"}],"predecessor-version":[{"id":6499,"href":"http:\/\/www.stjustdavray.fr\/V2\/wp-json\/wp\/v2\/pages\/990\/revisions\/6499"}],"up":[{"embeddable":true,"href":"http:\/\/www.stjustdavray.fr\/V2\/wp-json\/wp\/v2\/pages\/135"}],"wp:attachment":[{"href":"http:\/\/www.stjustdavray.fr\/V2\/wp-json\/wp\/v2\/media?parent=990"}],"curies":[{"name":"wp","href":"https:\/\/api.w.org\/{rel}","templated":true}]}}